{"id":11,"date":"2021-07-26T16:27:03","date_gmt":"2021-07-26T16:27:03","guid":{"rendered":"https:\/\/krakowskieneony.pl\/?page_id=11"},"modified":"2025-02-23T17:26:26","modified_gmt":"2025-02-23T17:26:26","slug":"o-krakowskich-neonach","status":"publish","type":"page","link":"https:\/\/krakowskieneony.pl\/","title":{"rendered":"Krakowskie neony \u2013 sto lat historii"},"content":{"rendered":"\n<h1 class=\"wp-block-heading\">Neony w Krakowie to opowie\u015b\u0107, kt\u00f3ra ma ju\u017c sto lat.<\/h1>\n\n\n\n<p>Neon to uformowana w odpowiedni kszta\u0142t szklana rurka, wype\u0142niona pod bardzo niskim ci\u015bnieniem gazem szlachetnym (neon, argon, czasem krypton, hel) kt\u00f3ry mo\u017cna wysokim napi\u0119ciem kilku tysi\u0119cy volt pobudzi\u0107 do \u015bwiecenia. To najprostsza definicja, a raczej opis fizyczno\u015bci neonu, jednak neon to co\u015b wi\u0119cej. Francuz <a href=\"https:\/\/pl.wikipedia.org\/wiki\/Georges_Claude\" target=\"_blank\" rel=\"noopener\">Georges Claude<\/a> &#8211; fizyk, wynalazca, a w ko\u0144cu biznesmen, eksperymentuj\u0105cy na pocz\u0105tku XX wieku niedawno odkrytymi <a href=\"https:\/\/pl.wikipedia.org\/wiki\/Helowce\" target=\"_blank\" rel=\"noopener\">gazami szlachetnymi<\/a> (argon &#8211; 1894 rok, neon &#8211; 1898 rok) co\u015b musia\u0142 przeczuwa\u0107, \u017ce ma w r\u0119kach nie tylko fizyczn\u0105 ciekawostk\u0119, ale \u017ce to jest to, co jedni ludzie, ci maj\u0119tniejsi, b\u0119d\u0119 chcieli kupowa\u0107, a inni ludzie b\u0119d\u0105 chcieli ogl\u0105da\u0107 i podziwia\u0107. I tak, mniej wi\u0119cej ok. 1910 rok wymy\u015blony zosta\u0142 i do\u015b\u0107 szybko wprowadzony w przestrze\u0144 publiczn\u0105 jako komercyjne rozwi\u0105zanie reklamowe &#8211; neon &#8211; dzie\u0142o interdyscyplinarne, kt\u00f3re przez ca\u0142y praktycznie XX wiek kreowa\u0142o wizualnie na ca\u0142ym \u015bwiecie centra wi\u0119kszych i mniejszych miast.<\/p>\n\n\n\n<div class=\"wp-block-essential-blocks-image-gallery  root-eb-image-gallery-e4dct\"><div class=\"eb-parent-wrapper eb-parent-eb-image-gallery-e4dct \"><div class=\"eb-gallery-img-wrapper eb-image-gallery-e4dct grid overlay-bottom caption-style-1   no-isotope \" data-id=\"eb-image-gallery-e4dct\"><a href=\"https:\/\/krakowskieneony.pl\/wp-content\/uploads\/2021\/08\/1352459_orig.jpeg\" rel=\"noopener\" data-fslightbox=\"gallery\" data-type=\"image\" class=\"eb-gallery-img-content eb-filter-img-\"><span class=\"eb-gallery-link-wrapper\"><img decoding=\"async\" class=\"eb-gallery-img\" src=\"https:\/\/krakowskieneony.pl\/wp-content\/uploads\/2021\/08\/1352459_orig.jpeg\" image-index=\"0\" alt=\"Krakowskie neony\" title=\"\"><\/span><\/a><a href=\"https:\/\/krakowskieneony.pl\/wp-content\/uploads\/2021\/08\/5694149_orig.jpg\" rel=\"noopener\" data-fslightbox=\"gallery\" data-type=\"image\" class=\"eb-gallery-img-content eb-filter-img-\"><span class=\"eb-gallery-link-wrapper\"><img decoding=\"async\" class=\"eb-gallery-img\" src=\"https:\/\/krakowskieneony.pl\/wp-content\/uploads\/2021\/08\/5694149_orig.jpg\" image-index=\"1\" alt=\"Krakowskie neony\" title=\"\"><\/span><\/a><\/div><\/div><\/div>\n\n\n\n<p class=\"has-text-align-center\"><em>Na fotografiach powy\u017cej: pierwsze komercyjne neony w Pary\u017cu, lata 1910-1914.<\/em><\/p>\n\n\n\n<hr class=\"wp-block-separator has-alpha-channel-opacity\"\/>\n\n\n\n<p class=\"has-text-align-center\"><strong>Krakowskie neony &#8211; pocz\u0105tek opowie\u015bci<\/strong><\/p>\n\n\n\n<p>Pocz\u0105tki historii neon\u00f3w w Krakowie skrywaj\u0105 mroki historii. O palm\u0119 pierwsze\u0144stwa rywalizuj\u0105 dwa znane z fotografii neony, zamontowane na dachach kamie\u0144 przy Rynku G\u0142\u00f3wnym oko\u0142o lat 1926-28. By\u0142 to neon szwajcarskiej firmy cukierniczej <a href=\"https:\/\/en.wikipedia.org\/wiki\/Chocolat_Suchard\" data-type=\"link\" data-id=\"https:\/\/en.wikipedia.org\/wiki\/Chocolat_Suchard\" target=\"_blank\" rel=\"noopener\">Suchard<\/a> i europejskiego giganta &#8211; firmy Philips. <\/p>\n\n\n\n<p>Na dobre neony zawita\u0142y w Krakowie na pocz\u0105tku lat 30. XX wieku. kiedy to w kr\u00f3tkim czasie pojawi\u0142o si\u0119 ich co najmniej kilkadziesi\u0105t sztuk. Z regu\u0142y montowane by\u0142y na elewacjach ekskluzywnych sklep\u00f3w, salon\u00f3w, nad ich witrynami, czasem nad wej\u015bciem lub wewn\u0105trz witryny wystawowej. &#8222;Geograficznie&#8221; skoncentrowane by\u0142y w \u015bcis\u0142ym centrum, gdy\u017c tu koncentrowa\u0142y si\u0119 maj\u0119tne firmy, kt\u00f3re sta\u0107 by\u0142o na taka form\u0119 reklamy, ale neony montowane by\u0142y te\u017c poza obwodnic\u0105 Plant, np. w rejonie Dworca G\u0142\u00f3wnego.  Od strony plastycznej rzadziej ni\u017c we wsp\u00f3\u0142czesnych projektach stosowane by\u0142y elementy graficzne, dominowa\u0142y napisy b\u0119d\u0105ce nazwami firm (<a href=\"https:\/\/pl.wikipedia.org\/wiki\/Hotel_Europejski_w_Krakowie\" data-type=\"link\" data-id=\"https:\/\/pl.wikipedia.org\/wiki\/Hotel_Europejski_w_Krakowie\" target=\"_blank\" rel=\"noopener\">Hotel Europejski<\/a>, Stomil, Totalizator), cz\u0119sto nazwiska przedsi\u0119biorc\u00f3w (Jak\u00f3b Gross, <a href=\"https:\/\/pl.wikipedia.org\/wiki\/Adam_Piasecki_(przemys%C5%82owiec)\" data-type=\"link\" data-id=\"https:\/\/pl.wikipedia.org\/wiki\/Adam_Piasecki_(przemys%C5%82owiec)\" target=\"_blank\" rel=\"noopener\">A. Piasecki<\/a>, Wedel, <a href=\"https:\/\/www.facebook.com\/photo\/?fbid=2183137688523943&amp;set=pcb.479630513958677\" data-type=\"link\" data-id=\"https:\/\/www.facebook.com\/photo\/?fbid=2183137688523943&amp;set=pcb.479630513958677\" target=\"_blank\" rel=\"noopener\">Bracia Bilewscy<\/a>).<\/p>\n\n\n\n<p>Sumarycznie znanych jest ok. 60 krakowskich neon\u00f3w istniej\u0105cych w latach 20.-30. Trudno to mo\u017ce por\u00f3wnywa\u0107 do neonowego szale\u0144stwa jakie w tym czasie prze\u017cywa\u0142a Warszawa, gdzie neon\u00f3w by\u0142o kilkaset, jednak Krak\u00f3w by\u0142 o wiele mniejszym miastem. Tym niemniej witryny bogatych i szanowanych biznes\u00f3w w Krakowie przesta\u0142y ton\u0105\u0107 w odwiecznych mrokach, bo wprawdzie Krak\u00f3w posiada\u0142 ju\u017c od II po\u0142owy XIX wieku o\u015bwietlenie wa\u017cniejszych ulic (najpierw gazowe, potem elektryczne), ale \u015bwiat\u0142a te nie by\u0142y zbyt intensywne. <\/p>\n\n\n\n<div class=\"wp-block-group\"><div class=\"wp-block-group__inner-container is-layout-constrained wp-block-group-is-layout-constrained\">\n<div class=\"wp-block-essential-blocks-image-gallery  root-eb-image-gallery-7ygjl\"><div class=\"eb-parent-wrapper eb-parent-eb-image-gallery-7ygjl \"><div class=\"eb-gallery-img-wrapper eb-image-gallery-7ygjl grid overlay-bottom caption-style-0   no-isotope \" data-id=\"eb-image-gallery-7ygjl\"><a href=\"https:\/\/krakowskieneony.pl\/wp-content\/uploads\/2021\/08\/Philips_neon_Rynek_MHK_9436-K.jpg\" rel=\"noopener\" data-fslightbox=\"gallery\" data-type=\"image\" class=\"eb-gallery-img-content eb-filter-img-\"><span class=\"eb-gallery-link-wrapper\"><img decoding=\"async\" class=\"eb-gallery-img\" src=\"https:\/\/krakowskieneony.pl\/wp-content\/uploads\/2021\/08\/Philips_neon_Rynek_MHK_9436-K.jpg\" image-index=\"0\" alt=\"Neon Philips, Krak\u00f3w, Rynek G\u0142\u00f3wny.\" title=\"\"><\/span><\/a><a href=\"https:\/\/krakowskieneony.pl\/wp-content\/uploads\/2021\/08\/IKC-neon.jpg\" rel=\"noopener\" data-fslightbox=\"gallery\" data-type=\"image\" class=\"eb-gallery-img-content eb-filter-img-\"><span class=\"eb-gallery-link-wrapper\"><img decoding=\"async\" class=\"eb-gallery-img\" src=\"https:\/\/krakowskieneony.pl\/wp-content\/uploads\/2021\/08\/IKC-neon.jpg\" image-index=\"1\" alt=\"Neon Ilustrowany Kurier Codzienny, Krak\u00f3w, ul. Wielopole\" title=\"\"><\/span><\/a><a href=\"https:\/\/krakowskieneony.pl\/wp-content\/uploads\/2021\/08\/Piasecki-neon.jpg\" rel=\"noopener\" data-fslightbox=\"gallery\" data-type=\"image\" class=\"eb-gallery-img-content eb-filter-img-\"><span class=\"eb-gallery-link-wrapper\"><img decoding=\"async\" class=\"eb-gallery-img\" src=\"https:\/\/krakowskieneony.pl\/wp-content\/uploads\/2021\/08\/Piasecki-neon.jpg\" image-index=\"2\" alt=\"Neon A. Piasecki, Krak\u00f3w, Rynek G\u0142\u00f3wny.\" title=\"\"><\/span><\/a><\/div><\/div><\/div>\n<\/div><\/div>\n\n\n\n<p class=\"has-text-align-center\"><em>Na fotografiach powy\u017cej krakowskie neony z lat 30. XX wieku. Od lewej: <strong>1.<\/strong> neon \u201cPhilips\u201d zamontowany na dachu kamienicy Rynek G\u0142\u00f3wny 26 \u2013 prawdopodobnie pierwszy krakowski neon;<strong> 2.<\/strong> neon \u201cIlustrowany Kurier Codzienny\u201d \u2013 ul. Wielopole 1; <strong>3.<\/strong> neon \u201cA. Piasecki S.A.\u201d \u2013 sklep firmowy fabryki s\u0142odyczy w Rynku G\u0142\u00f3wny.<\/em><\/p>\n\n\n\n<hr class=\"wp-block-separator has-alpha-channel-opacity\"\/>\n\n\n\n<p class=\"has-text-align-center\"><strong>Wielka &#8222;neonizacja&#8221; Krakowa z lat 60. i 70. XX wieku<\/strong><\/p>\n\n\n\n<p>Wojenne lata 1939-45 doprowadzi\u0142y do likwidacji wi\u0119kszo\u015bci firm a zarazem do demonta\u017cu wi\u0119kszo\u015bci neon\u00f3w. Bardzo szybko bo ju\u017c w X 1939 znikn\u0105\u0142 neon <a href=\"https:\/\/pl.wikipedia.org\/wiki\/Ilustrowany_Kurier_Codzienny\" data-type=\"link\" data-id=\"https:\/\/pl.wikipedia.org\/wiki\/Ilustrowany_Kurier_Codzienny\" target=\"_blank\" rel=\"noopener\">Ilustrowanego Kuriera Codziennego z ul. Wielopole<\/a> czy Komunalnej Kasy Oszcz\u0119dno\u015bci z dachu budynku Dworca G\u0142\u00f3wnego. Niekt\u00f3re neony by\u0142y wykorzystywane przez jaki\u015b czas, cho\u0107 raczej w stanie nie\u015bwiec\u0105cym (Scala, Philips przy ul. Floria\u0144skiej). By\u0142y te\u017c takie, kt\u00f3re przetrwa\u0142y wojn\u0119 ale nic nie wiadomo czy zosta\u0142y naprawione i uruchomione (Hotel Europejski).  <\/p>\n\n\n\n<p>Pierwsze &#8222;nowe&#8221; neony pojawi\u0142y si\u0119 w Krakowie pod koniec lat 50. &#8211; g\u0142\u00f3wnie w \u015bcis\u0142ym centrum np. przy Rynku G\u0142\u00f3wnym, a tak\u017ce w nowo powsta\u0142ej dzielnicy Krakowa &#8211; w <a href=\"https:\/\/krakowskieneony.pl\/index.php\/2021\/10\/30\/neon-pko-plac-centralny\/\" data-type=\"link\" data-id=\"https:\/\/krakowskieneony.pl\/index.php\/2021\/10\/30\/neon-pko-plac-centralny\/\">Nowej Hucie<\/a>. W po\u0142owie lat 60. monta\u017c neon\u00f3w nabra\u0142a charakteru masowego i planowego, a koordynacj\u0105 tych dzia\u0142a\u0144 zajmowa\u0142y si\u0119 wyznaczone urz\u0119dy miejskie. &#8222;Neonizacj\u0105 miasta&#8221; &#8211; bo tak w \u017cargonie urz\u0119dniczym i dziennikarskim nazywano te dzia\u0142ania &#8211; planowano obj\u0105\u0107 wszystkie g\u0142\u00f3wne ulice wszystkich dzielnic, a ambitny plan przewidywa\u0142 wyprodukowanie kilkuset kolorowych du\u017cych neon\u00f3w. <\/p>\n\n\n\n<p>Neonizacja by\u0142a powszechna w ca\u0142ej Polsce, przy czym Krak\u00f3w lokowa\u0142 si\u0119 raczej w \u015brodku peletonu, je\u015bli chodzi o jej skal\u0119. W por\u00f3wnaniu z ulicami Warszawy, Poznania czy Katowic, krakowskie ulice prezentowa\u0142y si\u0119 interesuj\u0105co, kolorowo, ale jednak o wiele skromniej. Nie ma pe\u0142nej inwentaryzacji krakowskich neon\u00f3w, ale szacunkowo mo\u017cna m\u00f3wi\u0107 o ok. tysi\u0105cu, kt\u00f3re pojawi\u0142y si\u0119 na przestrzeni wieku. <\/p>\n\n\n\n<p>Ju\u017c pod koniec lat 60. istnia\u0142o w Krakowie 350 neon\u00f3w, aczkolwiek jak <a href=\"https:\/\/krakowskieneony.pl\/index.php\/2021\/07\/28\/echo-krakowa-1969-o-neonach\/\">informowa\u0142a prasa<\/a>, nie wszystkie \u015bwieci\u0142y kompletnie i nie wszystkie by\u0142y estetyczne. Z czasem przybywa\u0142y kolejne i cho\u0107 stosowane materia\u0142y by\u0142y coraz lepsze, narzucone tempo produkcji by\u0142o przyczyn\u0105 ci\u0105g\u0142ych problem\u00f3w z awaryjno\u015bci\u0105, kt\u00f3rych nie rozwi\u0105zano w zasadzie a\u017c do lat 90. kiedy to wraz ze zmian\u0105 sytemu gospodarczego pojawi\u0142y si\u0119 nieograniczone mo\u017cliwo\u015bci korzystania z &#8222;zachodnich&#8221; technologi i materia\u0142\u00f3w. Ale to ju\u017c inna historia.<\/p>\n\n\n\n<div class=\"wp-block-group\"><div class=\"wp-block-group__inner-container is-layout-constrained wp-block-group-is-layout-constrained\">\n<div class=\"wp-block-essential-blocks-image-gallery  root-eb-image-gallery-zcnbc\"><div class=\"eb-parent-wrapper eb-parent-eb-image-gallery-zcnbc \"><div class=\"eb-gallery-img-wrapper eb-image-gallery-zcnbc grid overlay-bottom caption-style-0   no-isotope \" data-id=\"eb-image-gallery-zcnbc\"><a href=\"https:\/\/krakowskieneony.pl\/wp-content\/uploads\/2021\/08\/Merkury-odnowiony.jpg\" rel=\"noopener\" data-fslightbox=\"gallery\" data-type=\"image\" class=\"eb-gallery-img-content eb-filter-img-\"><span class=\"eb-gallery-link-wrapper\"><img decoding=\"async\" class=\"eb-gallery-img\" src=\"https:\/\/krakowskieneony.pl\/wp-content\/uploads\/2021\/08\/Merkury-odnowiony.jpg\" image-index=\"0\" alt=\"Neon Merkury, Krak\u00f3w al. Pokoju.\" title=\"\"><\/span><\/a><a href=\"https:\/\/krakowskieneony.pl\/wp-content\/uploads\/2021\/08\/Ludwik_neon_lata70._kadr.jpg\" rel=\"noopener\" data-fslightbox=\"gallery\" data-type=\"image\" class=\"eb-gallery-img-content eb-filter-img-\"><span class=\"eb-gallery-link-wrapper\"><img decoding=\"async\" class=\"eb-gallery-img\" src=\"https:\/\/krakowskieneony.pl\/wp-content\/uploads\/2021\/08\/Ludwik_neon_lata70._kadr.jpg\" image-index=\"1\" alt=\"Neony pawilonu Ludwik, Krak\u00f3w os. Kazimierzowskie.\" title=\"\"><\/span><\/a><a href=\"https:\/\/krakowskieneony.pl\/wp-content\/uploads\/2021\/12\/Swit_2021_3.jpg\" rel=\"noopener\" data-fslightbox=\"gallery\" data-type=\"image\" class=\"eb-gallery-img-content eb-filter-img-\"><span class=\"eb-gallery-link-wrapper\"><img decoding=\"async\" class=\"eb-gallery-img\" src=\"https:\/\/krakowskieneony.pl\/wp-content\/uploads\/2021\/12\/Swit_2021_3.jpg\" image-index=\"2\" alt=\"Kino \u015awit z neonem, Krak\u00f3w, os. Teatralne.\" title=\"\"><\/span><\/a><\/div><\/div><\/div>\n<\/div><\/div>\n\n\n\n<p class=\"has-text-align-center\"><em>Powy\u017cej krakowskie neony z czas\u00f3w &#8222;z\u0142otej ery&#8221; &#8211; lat 60. i 70. XX wieku: <strong>1.<\/strong> neon Merkury, al. Pokoju, <strong>2.<\/strong> Ludwik, os. Kazimierzowskie w Nowej Hucie, 3. neon dachowy kina \u015awit, os. Teatralne w Nowej Hucie. <\/em><\/p>\n\n\n\n<hr class=\"wp-block-separator has-alpha-channel-opacity\"\/>\n\n\n\n<div style=\"height:36px\" aria-hidden=\"true\" class=\"wp-block-spacer\"><\/div>\n\n\n\n<p><\/p>\n","protected":false},"excerpt":{"rendered":"<p>Neony w Krakowie to opowie\u015b\u0107, kt\u00f3ra ma ju\u017c sto lat. Neon to uformowana w odpowiedni kszta\u0142t szklana rurka, wype\u0142niona pod bardzo niskim ci\u015bnieniem gazem szlachetnym (neon, argon, czasem krypton, hel) kt\u00f3ry mo\u017cna wysokim napi\u0119ciem kilku tysi\u0119cy volt pobudzi\u0107 do \u015bwiecenia. &hellip; <a href=\"https:\/\/krakowskieneony.pl\/\">Czytaj dalej <span class=\"meta-nav\">&rarr;<\/span><\/a><\/p>\n","protected":false},"author":1,"featured_media":0,"parent":0,"menu_order":0,"comment_status":"open","ping_status":"closed","template":"","meta":{"_eb_attr":"","ngg_post_thumbnail":0,"footnotes":""},"class_list":["post-11","page","type-page","status-publish","hentry"],"_links":{"self":[{"href":"https:\/\/krakowskieneony.pl\/index.php\/wp-json\/wp\/v2\/pages\/11","targetHints":{"allow":["GET"]}}],"collection":[{"href":"https:\/\/krakowskieneony.pl\/index.php\/wp-json\/wp\/v2\/pages"}],"about":[{"href":"https:\/\/krakowskieneony.pl\/index.php\/wp-json\/wp\/v2\/types\/page"}],"author":[{"embeddable":true,"href":"https:\/\/krakowskieneony.pl\/index.php\/wp-json\/wp\/v2\/users\/1"}],"replies":[{"embeddable":true,"href":"https:\/\/krakowskieneony.pl\/index.php\/wp-json\/wp\/v2\/comments?post=11"}],"version-history":[{"count":82,"href":"https:\/\/krakowskieneony.pl\/index.php\/wp-json\/wp\/v2\/pages\/11\/revisions"}],"predecessor-version":[{"id":793,"href":"https:\/\/krakowskieneony.pl\/index.php\/wp-json\/wp\/v2\/pages\/11\/revisions\/793"}],"wp:attachment":[{"href":"https:\/\/krakowskieneony.pl\/index.php\/wp-json\/wp\/v2\/media?parent=11"}],"curies":[{"name":"wp","href":"https:\/\/api.w.org\/{rel}","templated":true}]}}